0000001 (base 2) to base 5
10031
What is 26b (base 12) in base 10?
371
What is adfd (base 16) in base 3?
2021002200
-20326 (base 11) to base 15
-8bd3
22531 (base 6) to base 14
1263
Convert 2214 (base 6) to base 12.
36a
-1401 (base 6) to base 2
-101101001
Convert 120442 (base 6) to base 11.
7a10
12420 (base 7) to base 12
1aa9
4240 (base 5) to base 4
20322
What is 10040 (base 5) in base 7?
1611
What is 432234 (base 5) in base 6?
152010
What is 125 (base 14) in base 11?
199
What is 303132 (base 4) in base 5?
101134
What is -1024 (base 13) in base 7?
-6331
Convert 1566 (base 9) to base 11.
996
Convert -15161 (base 8) to base 10.
-6769
-23525 (base 7) to base 13
-2a0b
What is 8151 (base 11) in base 16?
2a49
What is 14044 (base 6) in base 11?
170a
-23711 (base 8) to base 2
-10011111001001
What is 29 (base 16) in base 9?
45
What is -23151 (base 10) in base 15?
-6cd6
What is -111001010010 (base 2) in base 7?
-13455
Convert -cb25 (base 13) to base 2.
-110111001011110
Convert 1201 (base 8) to base 11.
533
22950 (base 12) to base 10
46284
-63652 (base 7) to base 4
-3312112
Convert -100100 (base 3) to base 13.
-165
322220 (base 4) to base 12
2208
-10442 (base 6) to base 5
-21331
Convert -2260 (base 7) to base 15.
-3a1
What is 250 (base 6) in base 2?
1100110
Convert -1221113 (base 4) to base 5.
-203433
1100001011 (base 2) to base 9
1055
Convert 26c8 (base 15) to base 8.
20140
Convert 3113310 (base 5) to base 11.
35417
Convert -15517 (base 13) to base 10.
-40411
Convert 112121 (base 3) to base 8.
612
21b8 (base 15) to base 4
1233230
1415 (base 7) to base 10
551
Convert 1263 (base 7) to base 15.
226
What is -24440 (base 5) in base 15?
-84a
Convert 141423 (base 5) to base 4.
1123213
65947 (base 10) to base 14
1a067
5144 (base 7) to base 16
704
Convert 2215 (base 7) to base 10.
796
Convert -133101 (base 4) to base 6.
-13133
Convert 11941 (base 10) to base 9.
17337
Convert 3774 (base 10) to base 11.
2921
What is -5735 (base 9) in base 13?
-1c16
What is 100002 (base 3) in base 4?
3311
Convert -202010010 (base 3) to base 9.
-22103
-360 (base 8) to base 4
-3300
Convert 13221 (base 6) to base 7.
5626
-1110011 (base 2) to base 3
-11021
What is -10111000111111 (base 2) in base 8?
-27077
27c (base 16) to base 13
39c
What is -610 (base 13) in base 15?
-487
What is 48b2 (base 15) in base 16?
3c6b
Convert b24b (base 12) to base 10.
19355
What is -6344 (base 8) in base 16?
-ce4
58337 (base 10) to base 3
2222000122
Convert 41b (base 15) to base 14.
4a2
Convert 41076 (base 8) to base 2.
100001000111110
Convert 3066 (base 7) to base 13.
64b
What is -89 (base 15) in base 9?
-153
What is 28400 (base 11) in base 3?
2001102211
What is 2aa4 (base 15) in base 8?
21702
What is -118 (base 10) in base 3?
-11101
Convert -277 (base 10) to base 16.
-115
Convert 3500 (base 11) to base 6.
33142
What is 2c0c (base 14) in base 11?
5999
Convert 3203 (base 5) to base 3.
120212
What is -20497 (base 12) in base 11?
-29750
-105333 (base 6) to base 4
-2030121
What is 211001 (base 3) in base 10?
595
What is 484 (base 11) in base 8?
1100
Convert 2835 (base 9) to base 7.
6143
What is 5934 (base 10) in base 16?
172e
What is 10101312 (base 4) in base 14?
655c
243010 (base 6) to base 13
9975
Convert -20031 (base 4) to base 3.
-201110
-2011210020 (base 3) to base 2
-1010011101100111
-607 (base 8) to base 7
-1066
1634 (base 8) to base 11
770
What is 131477 (base 8) in base 12?
2267b
What is -2a18b (base 12) in base 11?
-4036a
Convert 8742 (base 10) to base 11.
6628
What is -2d71 (base 14) in base 11?
-6126
Convert 1110010011 (base 2) to base 6.
4123
What is -4a6 (base 12) in base 15?
-31c
c2bc (base 13) to base 5
1324412
-c7 (base 15) to base 6
-511
Convert 1334001 (base 5) to base 14.
9d96
-1014344 (base 5) to base 13
-7891
-1763 (base 13) to base 9
-4665
Convert 14aa (base 14) to base 11.
2844
1c8 (base 15) to base 11
346
What is 382c (base 14) in base 9?
14443
What is 2444 (base 5) in base 11?
310
130553 (base 6) to base 4
2321211
What is -326 (base 16) in base 6?
-3422
442 (base 14) to base 13
4ca
-25452 (base 6) to base 11
-2989
What is -26057 (base 9) in base 7?
-102106
What is -815 (base 11) in base 13?
-5a9
-3c0 (base 13) to base 6
-3023
Convert 774 (base 10) to base 7.
2154
Convert -24031 (base 7) to base 12.
-3704
-12002 (base 5) to base 11
-728
23203 (base 6) to base 13
1680
What is -d (base 14) in base 16?
-d
What is 126 (base 7) in base 5?
234
What is -7a (base 14) in base 10?
-108
Convert 93 (base 14) to base 6.
333
What is -a9 (base 12) in base 11?
-108
1001000010 (base 2) to base 4
21002
What is -25015 (base 6) in base 11?
-2849
1535 (base 8) to base 14
457
Convert -223 (base 13) to base 11.
-304
Convert 103032 (base 4) to base 16.
4ce
2100 (base 7) to base 16
2df
What is -411 (base 6) in base 16?
-97
Convert 16a3 (base 14) to base 16.
fdf
Convert 1cc3 (base 15) to base 8.
14162
-711 (base 9) to base 4
-21001
Convert 24451 (base 12) to base 8.
137575
Convert 1023 (base 15) to base 2.
110101010000
1645 (base 8) to base 5
12213
-1dd (base 16) to base 7
-1251
Convert 2a8 (base 15) to base 16.
260
What is -973 (base 14) in base 2?
-11101001001
Convert c80 (base 13) to base 16.
854
What is -250416 (base 7) in base 4?
-23030010
What is 21220102 (base 3) in base 7?
22541
Convert -1cf (base 16) to base 11.
-391
Convert 4432 (base 6) to base 3.
1102002
What is -3552 (base 6) in base 15?
-3c5
Convert -222040 (base 5) to base 12.
-45b6
Convert -237 (base 8) to base 15.
-a9
Convert 741 (base 8) to base 16.
1e1
What is -300 (base 8) in base 7?
-363
2c3d (base 14) to base 11
5a28
Convert -11330 (base 4) to base 15.
-1a5
Convert -3443 (base 7) to base 13.
-758
Convert -2113010 (base 4) to base 14.
-3748
Convert -111122 (base 3) to base 4.
-11300
What is -4523 (base 8) in base 14?
-c27
-331 (base 13) to base 9
-667
What is -1257 (base 16) in base 8?
-11127
What is -10211022 (base 3) in base 7?
-11063
353 (base 13) to base 2
1000111111
101110210 (base 3) to base 7
31155
-2735 (base 10) to base 11
-2067
-34130 (base 7) to base 14
-3217
425 (base 8) to base 16
115
Convert 158 (base 14) to base 11.
22a
-2a2f (base 16) to base 7
-43325
Convert -214a (base 14) to base 6.
-42342
What is -451 (base 10) in base 3?
-121201
173 (base 16) to base 13
227
232 (base 9) to base 7
362
What is -441 (base 5) in base 7?
-232
d0e (base 15) to base 16
b7b
1000000012 (base 3) to base 7
111254
What is 409 (base 10) in base 4?
12121
Convert -43b (base 16) to base 15.
-4c3
17144 (base 8) to base 3
101200011
2759 (base 13) to base 15
1a1b
What is 75c (base 16) in base 4?
131130
What is -1246 (base 7) in base 12?
-337
-2661 (base 7) to base 14
-531
What is -2e8 (base 16) in base 7?
-2112
922 (base 11) to base 2
10001011001
-1024 (base 5) to base 2
-10001011
264101 (base 8) to base 12
45455
-4de1 (base 16) to base 15
-5d92
-57c1 (base 15) to base 8
-44307
Convert a42 (base 15) to base 6.
14412
What is 1021 (base 5) in base 6?
344
12c53 (base 13) to base 5
2110201
What is 2098b (base 12) in base 2?
1010011101111011
b58 (base 14) to base 10
2234
-9c34 (base 15) to base 7
-165400
4643 (base 8) to base 10
2467
Convert -612 (base 7) to base 9.
-366
Convert 2220 (base 5) to base 4.
10312
Convert -544 (base 10) to base 5.
-4134
Convert 21520 (base 7) to base 13.
25c9
Convert 3812 (base 11) to base 8.
11556
Convert 2b10 (base 12) to base 10.
5052
What is -120 (base 14) in base 5?
-1344
What is -2022221011 (base 3) in base 8?
-131465
3426 (base 13) to base 5
213144
3023 (base 6) to base 9
816
-4334222 (base 5) to base 13
-27a94
-136 (base 7) to base 11
-6a
Convert 3127 (base 10) to base 7.
12055
What is -2ab (base 12) in base 15?
-1ce
Convert -707 (base 9) to base 11.
-482
What is -403 (base 13) in base 5?
-10204
What is -1dbc (base 15) in base 2?
-1100101001101
-c7a9 (base 13) to base 15
-830b
Convert -9199 (base 10) to base 2.
-10001111101111
710 (base 11) to base 4
31122
4977 (base 12) to base 8
20153
What is -220021111 (base 3) in base 16?
-4522
Convert 443322 (base 5) to base 3.
210012200
Convert 6054 (base 13) to base 2.
11001111000011
What is -20045 (base 6) in base 9?
-3532
-150a7 (base 15) to base 16
-10849
-71323 (base 8) to base 16
-72d3
What is 26 (base 15) in base 13?
2a
What is 33349 (base 12) in base 2?
10000100100101001
